 s(x).
-22
Let m(v) = 10*v**2 + 53*v - 49. Let g(l) = -7*l**2 - 38*l + 33. Let w(o) = 7*g(o) + 5*m(o). Determine w(7).
28
Let g = -62 - -65. Suppose -3*r + t = r - g, 2*r + 11 = 3*t. Let y(u) = 2 + u**r - 465*u + 470*u - 9. What is y(-7)?
7
Let o(q) be the third derivative of q**8/20160 - q**7/720 - q**6/80 - 27*q**5/20 + 83*q**2. Let s(r) be the third derivative of o(r). Determine s(8).
-1
Let m = -12 - -14. Let n(b) = -4*b + 10 - 7 + m*b + 1. Let d be ((-2)/(-10))/((-51)/(-765)). Give n(d).
-2
Let c(w) = 759*w**2 + 9 - 403*w**2 + 8*w - 358*w**2. Suppose -4*g + 11 = -17. What is c(g)?
-33
Let r(p) = -23*p - 249. Let x be (1 - 48/(-40))/(13/(-65)). Determine r(x).
4
Let u(q) be the first derivative of 2/3*q**3 + 6*q - 11*q**2 - 20. Let z be u(11). Let x(i) = -i + 11. Give x(z).
5
Suppose -6*q = -11*q + 230. Suppose -52 = -3*f - q. Let n(p) = -37*p + 8*p**2 - 10*p**f + 41*p. Determine n(3).
-6
Let x(u) = 312*u + 1570. Let n be x(-5). Let w(t) = t**2 - 8*t + 23. Give w(n).
43
Let f(c) = 22*c + 153. Let l be -10 - 1*(-3 - (4 + -4)). Let z be f(l). Let p(v) = -17*v**2 - v. Determine p(z).
-16
Let c(r) = -r**3 + 6*r**2 - 6*r + 12. Let u be c(3). Suppose -14*y + u*y + 28 = 0. Let g be 9 + 32/y + 3. Let p(o) = o**2 - 3*o - 2. What is p(g)?
2
Let c(z) = 2*z - 3. Let x(d) = 5*d - 5. Let y(w) = 7*c(w) - 3*x(w). Let u be y(-8). Let f(a) = 4 + 5*a - 5*a - u + 4*a. Determine f(3).
14
Let z = -67 - -73. Let v(p) = -p**2 + 5*p + 17. Let c be v(7). Let x(h) = -c + 13*h - 7*h - 5*h. Give x(z).
3
Let z = 208 - 206. Let c(g) = g - 26*g**2 + 6*g**2 + 9*g**2 + 1 + 12*g**z. Determine c(-4).
13
Let h(d) = -8*d + 56 + 8*d + d**3 - 65 + 5*d + d**3 + 15*d**2. Give h(-7).
5
Let n(t) = -434 - t - 2*t + 433 + 3*t + 2*t. Let v = -1 + 2. What is n(v)?
1
Let u be -1*(-8)/(-10) - 336/80. Let p(w) = -w**3 + w**2. Let r(o) = 6*o**3 - 11*o**2 - o + 4. Let v(m) = u*p(m) - r(m). Give v(6).
2
Let x(d) = -26 + 6 - 9*d + 3 + 33. What is x(2)?
-2
Let o(n) be the third derivative of 26*n**2 - 1/24*n**4 - 3/2*n**3 - n + 0. Suppose -2*q = 6*q + 88. Determine o(q).
2
Let a(g) = -2*g - 5. Let n = -29 + 164. Suppose n = 8*m + 19*m. Calculate a(m).
-15
Let g be (-5)/10 + 38/4. Let f(y) = -g + 6*y - y**2 - 15 + 18. Suppose w + 6*w - 28 = 0. Give f(w).
2
Let y(f) = f**3 - 4*f**2 + 2*f - 3. Let d = -1122 + 1124. Determine y(d).
-7
Let b be (131/4)/(((-133)/28)/(-19)). Let i = -126 + b. Let j(k) = -k**2 + 5*k + 4. What is j(i)?
4
Let g(b) = -221*b - b**3 + 4 + 326*b - 100*b - 13 + 2*b**2. Calculate g(2).
1
Let r = 4 - -2. Let z(i) = i**3 + 6*i**2 - 9*i - 10. Let t be z(-7). Let a(q) = -6*q - 6 + q**2 + 3*q - t*q. Give a(r).
-12
Let k(w) = -w**3 - 4*w**2 + 3*w - 8. Let y be k(-5). Let i = y + -1. Let p be i*-2 - (6 - (2 - 1)). Let j(s) = s**2 + 7*s - 1. Calculate j(p).
-1
Let u(a) = 65*a + 59*a + 61*a + a**2 - 196*a - 23 - 2*a**2. Determine u(-7).
5
Let j(p) = p. Let o(q) = q. Suppose 10 = 3*i + 5*f, 3*i - 7*f = -8*f + 14. Let r(h) = i*j(h) - 6*o(h). Give r(9).
-9
Suppose -6 - 30 = -4*l. Suppose 11 = l*w + 2. Let z(g) = -17*g - 1. Give z(w).
-18
Let d(c) be the third derivative of c**6/120 - 2*c**5/15 + 11*c**4/24 - 2*c**3 + c**2 + 181*c. What is d(6)?
-18
Suppose 5*o - 175 - 16 = -3*f, 3*f - 6 = 0. Let m(i) = -o*i - 47*i + i**2 + 90*i - 5. Let u(r) = 2*r + 18. Let a be u(-11). What is m(a)?
-13
Let n(x) = -33*x - 196. Let a be n(-6). Let i(j) = -15 - 3*j**3 + 86*j**a + 2*j**3 + 9*j - 96*j**2. Give i(-11).
7
Let w(o) = -7*o**2 + 26*o - 6. Let q(u) = 23*u**2 - 86*u + 19. Let r(b) = 3*q(b) + 10*w(b). Give r(-4).
-27
Let v(x) be the first derivative of -x**5/120 - 5*x**4/12 + x**3 + 19*x**2/2 - 56. Let p(d) be the third derivative of v(d). What is p(-5)?
-5
Let z(i) = i**2 + 13*i + 13. Let o be z(-13). Let d = -15 + o. Let a(v) = 5 + 0*v - v - 8 - 6*v. What is a(d)?
11
Let n(q) = -q**2 - 5*q + 8. Let o(s) = -2*s**3 - 2*s**2 - 7*s - 12. Let r be o(-4). Let p be 96/r + ((-186)/7)/3. What is n(p)?
-16
Let a(s) = 2*s**2 - 30*s - 5816 + 7*s + 5825. Calculate a(11).
-2
Let f(y) = y**2 - 9*y + 21. Suppose -5*j + 91*w + 26 = 90*w, 2*j = w + 8. Determine f(j).
3
Let l = 481 + -497. Let k(v) = 5*v + 19. Let b(m) = -6*m - 20. Let g(y) = -4*b(y) - 5*k(y). Give g(l).
1
Let d(a) = -49*a + 298. Let t be d(6). Let s(v) be the third derivative of 1/6*v**t + 0 - 11*v**2 - 1/60*v**5 + 0*v + 5/6*v**3. Calculate s(4).
5
Let a be 64/(-16) - (-14)/2. Let r(i) = -6*i - 27 + 3 + a + 1 - 7. Give r(-5).
3
Let g(l) = -l**2 - 28*l - 2. Suppose -67*k + 6061 = -276*k. Give g(k).
-31
Let y(w) = -w**2 + 3*w - 7. Let h(x) = 3*x**2 - 8*x + 15. Suppose 48*g = 37*g + 22. Let u(z) = g*h(z) + 5*y(z). What is u(0)?
-5
Let h(f) = 2*f**3 - 10*f**2 - 26*f + 99. Let l be h(6). Let s(y) = 3*y**3 - 48*y**2 + 44*y + 16. Calculate s(l).
1
Let w(d) = 3*d**2 - 20*d + 5. Let g(r) = 0 - 9 + 2*r**2 + 7 - 13*r + 5. Let f(k) = -7*g(k) + 5*w(k). Give f(5).
-16
Let a(z) = -117*z + 7. Let f(w) = -19*w + 1. Let g(j) = 2*a(j) - 13*f(j). Suppose -3*v = -8*v - 5. Determine g(v).
-12
Let i(r) = 26*r + 2. Suppose 5*j = -4*o + 26, -19 = -5*o - 15*j + 11*j. Give i(o).
-24
Let w(d) = -6*d - 22 + 24 + 11 - 22. Calculate w(7).
-51
Suppose -5*i + 2*z - 9 = -2*z, -2*i = -z + 6. Let f = i + 11. Let n(p) = f*p**2 + 49 + 2*p + 46 - 97 + p**3. Give n(-6).
-14
Let s = 203 + -103. Let a be (s/50)/(3/15 + 0). Let l(f) = f - 3. What is l(a)?
7
Let y(q) = -5*q**2 - 27*q - 14. Let h(x) = -x**2 - 2*x + 1. Let o(g) = -6*h(g) + y(g). Let p be 4*(-1 + -4 - -9). What is o(p)?
-4
Suppose 5 = 3*b + j + 1, 3*b = 4*j + 14. Let g(i) be the second derivative of -1/10*i**5 + 1/2*i**2 + 1/4*i**4 - 217*i + 0 - 1/3*i**3. Calculate g(b).
-7
Let l(b) = 31*b - 17. Let i(s) = -822*s + 1. Let m be i(0). What is l(m)?
14
Let g be (1 + -1)*416/832. Let q(c) = -c**2 + 14*c - 6. Give q(g).
-6
Let w(v) = -53 - 42 - 9 - 154 - 15 - 38*v. Give w(-7).
-7
Let z = -5436 - -5423. Let a(p) = p. Determine a(z).
-13
Let a(b) = -4*b**2 + b + 2. Let k = -3 + -1. Let v(j) be the third derivative of -j**4/12 - j**3 + 45*j**2. Let c be v(k). Give a(c).
-12
Let p(w) = 3*w - 9. Let q be p(4). Let k(v) = 2718*v - q - 1356*v + v**2 - 1355*v. Determine k(-10).
27
Let m(d) = 5*d**2 - d. Let w(a) be the second derivative of -a**3/6 + 43*a**2/2 + 2*a. Let x be w(0). Let f = x - 42. What is m(f)?
4
Let g(l) = 4*l**3 - 14*l - 13. Let k(d) = -5*d**3 - d**2 + 16*d + 14. Let s(b) = 4*g(b) + 3*k(b). Give s(5).
0
Let y(l) = 62 - l**2 - 7*l - 77 + 16. Let p = 2 - 0. Let b be p/(-1) - (-10 + 15). Determine y(b).
1
Let u = 45 + 9. Let p = u + -50. Let k(c) = 2*c**3 - 7*c**2 + 4*c + 4. Give k(p).
36
Let i(x) = -x + 1. Let c = -14284 + 14274. Let v(y) be the second derivative of -5*y**4/12 - 49*y**3/6 + 7*y**2 - y. Let p be v(c). Determine i(p).
-3
Let c be ((-192)/104 - -2) + 148/52. Suppose -5*b + c*y - 35 = 4*y, -y = 0. Let v(l) = l**2 + 7*l - 8. Give v(b).
-8
Let j(t) = -1 + 102*t**2 - 50*t**2 - 8*t - 59*t**2. Let g(q) = 12*q**2 + 17*q + 1. Let k(f) = -4*g(f) - 7*j(f). Give k(11).
-8
Suppose 5*o - 32 = -2. Let i(r) = -r**2 + 7*r - 4. Let s be i(6). Let p(z) = 7*z - 3*z**3 - z**3 - 12 + 5 + 3*z**3 + 5*z**s. Calculate p(o).
-1
Let v(o) = -o**2 - 1. Let n(j) = 10*j**2 - j + 11. Let b(d) = 2*n(d) + 22*v(d). Let z be 24/40 - (72/(-5) + 1). Let g = 12 - z. Give b(g).
-4
Suppose 19*v + 1126 - 6902 = 0. Suppose -298 = c - v. Let h(a) = 4*a + 12. Let x(j) = -1. Let m(r) = h(r) + 16*x(r). What is m(c)?
20
Suppose 0 = 4*s + 135*y - 140*y - 36, 8 = 5*s + 3*y. Let r(z) = 20*z + 26. Give r(s).
106
Let a(s) be the second derivative of s**5/20 - 5*s**4/12 + 2*s**3/3 - 2*s**2 - 53668*s. Suppose v + 0 - 4 = 0. Give a(v).
-4
Let h be -45*(-14)/(-245)*14/(-6). Let n(s) = 2*s**2 - 11*s + 9. What is n(h)?
15
Let k(t) = 4*t**3 - 7*t**2 - t - 9. Let u be k(2). Let g(w) = -7*w - 37. Determine g(u).
12
Let m(r) = r + 2. Let p = -9 + 6. Suppose -11*z = -2*z - 9. Let u(i) = -i + 1. Let h(n) = p*u(n) + z*m(n). Determine h(-2).
-9
Let i(x) = -x**2 + 25*x - 121. Let m be i(19). Let n(t) = -2*t**3 - 15*t**2 - 2*t + 32. Let y be n(m). Let v(b) = -b**3 - 5*b**2 - 3*b + 1. Calculate v(y).
-8
Let w(o) be the second derivative of 7*o**3/6 + 51*o**2/2 + 2*o - 1493. Determine w(-9).
-12
Let b(u) = -u**3 - 23*u**2 - u - 18. Let a be b(-23). Suppose 0 = -3*l + 10 - 4, 